(c) = -23*c - 26. Let d(f) = -v(f) - 6*x(f). Let u be -1 + -1 + 1 + -5. Calculate d(u).
-4
Let w(c) = -23*c + 34. Let r(o) = -69*o + 102. Let q(f) = 2*r(f) - 7*w(f). Let k(n) = -4*n + 6. Let y(t) = 34*k(t) + 6*q(t). What is y(8)?
16
Let l(m) = -m**3 + m**2 + 2*m - 2 - 3*m**2 + 1. Let x be (-2)/(6/(-15)) - 3. Suppose p - 14 = 4*k + x*p, -5*p - 10 = 0. Determine l(k).
2
Let f(j) = -12*j - 40. Let t be f(-6). Suppose -122 - 70 = -t*o. Let p(z) = 11*z - 14. Let m(d) = d - 1. Let v(u) = 6*m(u) - p(u). Determine v(o).
-22
Let a(m) = -39*m - 20. Let l(z) = 55*z + 29. Let s(g) = -7*a(g) - 5*l(g). What is s(6)?
-17
Let v(i) = 7*i**2 - i**3 + 9*i + 137 + 4*i - 23*i. Let l be v(8). Let q(r) = -2*r + 9. Give q(l).
23
Let b(v) = -v**3 + 12*v**2 + 6*v + 8. Let t be ((-18)/10)/((4/20)/1). Let c(y) = 2*y**3 - 25*y**2 - 13*y - 17. Let r(q) = t*b(q) - 4*c(q). Determine r(8).
-20
Let b(r) be the third derivative of r**4/4 - r**3/6 + 6*r**2. Let x(k) = 11*k - 2. Let c(i) = -7*b(i) + 4*x(i). Suppose -91 = 4*g - 107. Determine c(g).
7
Let b(n) = -5*n**2 + 7*n - 22. Let k(m) = 6*m**2 - 8*m + 25. Let j(p) = 7*b(p) + 6*k(p). Suppose -4*x + 5*x = 0, -c + x - 3 = 0. Determine j(c).
2
Let l(j) = -13*j - 2321. Let b(z) = -35*z - 6267. Let x(y) = 10*b(y) - 27*l(y). Let n be 0/(0/(-2) - 1). Give x(n).
-3
Let m(o) = 4*o**2 - 4*o - 3. Let w be m(3). Let y be (154/w)/((-2)/(-6)). Let i(h) = -16*h**3 + 8*h**2 + y*h**3 - 7*h**2. Give i(1).
7
Let v(b) = -b**3 - b**2 + 3*b + 23. Let c be (0/2)/(-34 + 39). Calculate v(c).
23
Let g = -2179 + 2164. Let h(p) = -7*p - 103. Calculate h(g).
2
Let y(a) be the second derivative of -a**5/20 - a**4/2 + 3*a**3/2 + 6*a**2 + 1857*a. Give y(-7).
-2
Let k(b) = b**3 + 18*b**2 - 17*b + 19. Let f(n) = n**3 + n**2 - 7*n + 1. Let a be f(-4). What is k(a)?
-19
Let m(k) be the third derivative of k**6/40 - 31*k**5/30 - 11*k**4/12 + 7*k**3/3 - 598*k**2. Determine m(21).
-7
Let p(r) be the first derivative of -7*r**2/2 + 10*r - 27. Suppose 20*u - 68*u + 30*u + 72 = 0. What is p(u)?
-18
Let j(z) = -z + 28. Let a = 392 - 365. Let r be (-4)/8*16 + a. Determine j(r).
9
Suppose 2*c + b = -17, 3*b - 7*b - 20 = 0. Let v be (-14)/c + (40/24)/(-5). Let u(q) = -3*q**2 + 0*q - q**3 + 2*q - 2 + 5*q**2. Calculate u(v).
2
Let p(t) = -t**2 + 6*t. Let s(w) = -w**2 - 11*w - 8. Let z(r) = -r - 10. Let f be z(0). Let i be s(f). Suppose -a = -i - 0, 3*k = 4*a + 10. Give p(k).
0
Let z be ((-10)/(-4))/((-185)/222). Suppose 5*i - 2 = 8. Let l(s) = -2*s - s**3 - 5*s**i + 1 - 3*s + s. What is l(z)?
-5
Let c(s) = -s - 11. Suppose -2*x = -11 + 3. Suppose 4*g = 3*g - x*h, 0 = 4*g + h. Give c(g).
-11
Let i(w) be the second derivative of w**5/20 + 4*w**4/3 + w**3/2 + 27*w**2 + 139*w. Calculate i(-16).
6
Let c(r) = 3*r. Suppose 9*m + 9*m = 32*m + 238. Calculate c(m).
-51
Suppose 11*s + 9 - 14 = 17. Let m(h) be the first derivative of -7 + 1/2*h**s + h. Give m(-1).
0
Let n(w) = w**2 + 5*w + 5. Suppose 4*v = 2*v - 4*f - 20, -3*v = 4*f + 26. Let m be n(v). Let z(i) = -2*i**2 + 0*i - 10*i + m*i. Give z(1).
-1
Let h(v) = 9*v**2 - v. Suppose 0 = -4*m - 3*n + 97, -8*m + 115 = -3*m + 5*n. Suppose -7 = 21*t - m. Determine h(t).
8
Let y(k) = 6*k - 5. Let j be 2/13 - (4 + (-714)/91). Let z be 93/15 - (-6)/(-30) - j. Calculate y(z).
7
Let y(w) = -w**3 - 2*w**2 - 4*w + 1. Let v(l) = 4*l**3 + 6*l**2 + 13*l - 4. Let u(j) = 2*v(j) + 7*y(j). Suppose 7*k = 7 - 14. Determine u(k).
-2
Let k(t) be the second derivative of -t**7/2520 - t**6/180 + t**5/30 - 5*t**4/12 + 4*t**3/3 - 107*t. Let s(w) be the third derivative of k(w). Give s(-7).
-17
Let p(s) be the third derivative of -s**6/120 + s**5/15 + 5*s**4/24 - s**3/2 + s**2 - s + 352. Let b = 14 - 9. Give p(b).
-3
Let x be (190/30 - 6) + 28/6. Suppose 0 = -3*n - 3*b - 9, -2*n = -b + x - 2. Let h(o) = -3*o**2 - 3*o. Determine h(n).
-6
Let n(f) = 23*f**3 + 9*f**2 - 12*f - 19. Let c(p) = 9*p**3 + 5*p**2 - 6*p - 10. Let l(j) = 5*c(j) - 2*n(j). What is l(3)?
6
Let b(y) be the second derivative of y + 36 + 7/3*y**3 + 1/12*y**4 - 9*y**2. Determine b(-15).
-3
Let t(d) = -2*d**2 - 4*d + 3. Let a(n) = 4*n - 3*n - n**3 + 8 - 2*n - 3*n**2 - 6. Let u be a(-3). Suppose u*o - 3*x = -2*x - 18, 4*x + 4 = o. Determine t(o).
-13
Let y(r) = -47*r - 850. Let p be y(-18). Let k(i) = i**2 + 17*i + 47. Determine k(p).
-5
Let r(w) = w - 18. Suppose -5*p + 507 = 28*p + 6*p. Give r(p).
-5
Let v(t) = 10*t**2 - t + 1. Let c(j) = -9*j**2 + 7*j + 5. Let h(f) = -c(f) - v(f). Let g = -18 + 11. Give h(g).
-13
Let b(a) be the first derivative of -2*a**3/3 - 5*a**2/2 - 3*a + 2. Let h(u) = -2*u**3 - 28*u**2 + 8*u + 110. Let k be h(-14). Determine b(k).
-1
Let j(c) = c**2 - 9*c + 13. Let r(w) be the second derivative of -w**5/20 - 11*w**4/12 + 3*w**3/2 - 15*w**2 - 128*w. Let h be r(-12). What is j(h)?
-5
Let y(f) = 3*f**2 + 20*f - 65. Let o(a) = 2*a**2 + 2*a - 1. Let r(j) = 2*o(j) - y(j). Give r(9).
0
Suppose -3*q = 2*r + 21, 30 = -2*q - 3*r - r. Let b(f) = 3*f**2 + 6*f - 3. Give b(q).
6
Let v(y) = -8 - 8 + y**2 - 8 + 20. Let h be (-8 - (-234)/24)*-4 - -2. What is v(h)?
21
Let m(l) = -2 - l**3 + 3*l**2 + 1 + 6*l**2 - 8*l**2. Let s be ((-6)/18)/((-2)/6). Let t(j) = 3*j**3 - 4*j**2 + 5. Let f(z) = s*t(z) + 4*m(z). Give f(0).
1
Let z(s) = 151*s + 7079. Let t be z(-47). Let q(o) = -o**3 - 20*o**2 - 43*o - 120. What is q(t)?
6
Let p(g) = -4*g - 6. Let n be 1*(55/(-44))/((-1)/(-4)*-1). Give p(n).
-26
Let c(u) = -7*u + 42. Suppose -19*i + 66 + 38 - 9 = 0. Determine c(i).
7
Let o(v) = v - 2. Let u(b) = -6*b + 5. Let y(k) = -5*o(k) - u(k). Let i(p) = -2*p. Let t(l) = -i(l) - y(l). Determine t(6).
1
Let n(t) = -t. Let l(i) = -i**2 + 20*i - 88. Let h be l(13). Suppose 0 = -h*s + 15*s + 48. Give n(s).
4
Let z be ((-15)/5 + 2)*-8. Let n(r) = 22*r**2 - 4 - 5*r**2 - 5*r**2 - 13*r**2 - z*r. Calculate n(-6).
8
Let w(y) = -60406*y + 141 - 218 + 60416*y. Determine w(9).
13
Let c(h) be the first derivative of h**4/8 + h**3/3 - h**2 + 35*h + 86. Let q(s) be the second derivative of c(s). What is q(1)?
5
Suppose 114 - 122 = -6*k + 2*k. Let m(u) be the second derivative of -u**4/12 - u**3/3 + u**2/2 + u. Calculate m(k).
-7
Let g(n) be the third derivative of -5*n**4/12 + 5*n**3/3 - 166*n**2 + 14*n. Calculate g(-10).
110
Let v(f) = -68*f**2 + 12*f - 12. Let b(y) = 59*y**2 - 10*y + 13. Let w(k) = 7*b(k) + 6*v(k). Give w(-4).
91
Let w(z) be the first derivative of -z**3/3 - 9*z**2 + 22*z - 2544. Give w(-10).
102
Let m(g) = -14*g**3 - g**2 - 2. Let b(p) = -p**3 - p**2 + p - 1. Let u(j) = -b(j) + m(j). Suppose 62*y - 65*y = 3*q, -3*y - 6 = -3*q. Calculate u(y).
13
Let u(v) = v**2 - 85*v + 1746. Let t be u(50). Let o(w) be the first derivative of w**3/3 + w**2/2 + 3*w + 2. Give o(t).
15
Let l(d) = -d**2 - 6*d + 18. Suppose 577 = -33*u + 115. Calculate l(u).
-94
Let v = -101 + 70. Let t = v - -33. Let a(z) = -153*z**t - 146*z**2 - z + 298*z**2. Determine a(1).
-2
Let m(k) = k**3 - 2*k**2 - 4*k. Suppose 22 = 14*w - 6. Let j(n) = 2*n**3 - 2*n**2 - 6*n - 1. Let b(l) = w*j(l) - 3*m(l). Give b(-3).
-11
Let s be (-1*(-9)/1)/1. Suppose s = 4*c + 17. Let o(k) = -2*k. Give o(c).
4
Let l(p) be the second derivative of -p**4/12 - 2*p**3 + 2*p + 5. Let t(c) = -7*c + 2. Let d be t(2). Let a be l(d). Let n(j) = j - 1. Give n(a).
-1
Let v be 29/8 + 1 + 25/(-40). Suppose 15*n - 19 = -v*b + 12*n, -5*n = 3*b - 17. Let a(c) = -c + 2*c - 3 + 2*c + 0*c. Determine a(b).
9
Suppose 0*h + 3*h = 0. Suppose 5*l - 58 + 18 = h. Let q(s) = -l*s + 19*s**3 - 1 - 18*s**3 + 2 - 6*s**2. What is q(7)?
-6
Let z(s) be the third derivative of s**4/24 - 5*s**3/6 + 4*s**2. Let d = -615 - -615. What is z(d)?
-5
Let s(d) = d + d**2 + 5*d + 15*d + 4 - 15*d. Let l = 5 - 11. What is s(l)?
4
Let k(w) = -w**2 + 2*w + 90. Let v = -1238 + 1249. Determine k(v).
-9
Let t be -1 + (-2 - (-1 + -12)). Let q(z) be the first derivative of -1/4*z**4 + 10/3*z**3 + 3 + 0*z**2 + 2*z. What is q(t)?
2
Let v(h) = -4*h - 57. Let w be v(-9). Let o = 33 + w. Let a(z) = -z**2 + o - 24 - z**3 + 13. Determine a(1).
-1
Let y(v) be the second derivative of v**7/2520 - v**6/72 + v**5/60 - 3*v**4/2 - v**2 + 2*v - 56. Let q(l) be the third derivative of y(l). Determine q(9).
-7
Let g(s) = -249*s - 6719. Let u be g(-27). Let c(n) = -2*n**3 + 10*n**2 - 11*n + 8. Give c(u).
-4
Let d(k) = -5*k**2